Determine h(u).
2
Suppose 0*b - 2 = b. Let v(a) be the second derivative of a**5/20 + a**4/6 + 2*a**3/3 + 2*a**2 - 5785*a. Determine v(b).
-4
Let w(t) be the third derivative of 13*t**4/24 + 4*t**3/3 - 111*t**2 - 2*t. Calculate w(3).
47
Let u(y) be the first derivative of 37 + 3*y + y + y**2 - 6*y + 0*y + y. Determine u(1).
1
Let m(c) = -c**3 - 10*c**2 - 14*c - 12. Let a(g) = 4*g**3 + 39*g**2 + 57*g + 49. Let f(k) = 2*a(k) + 9*m(k). Let p be ((-1474)/66 + 22)*33. What is f(p)?
1
Let o be (2/1 - 4)/((-6)/9). Let h(m) = 2*m - 6 - 6*m**2 + 0*m + 4 + m**o - 4. Give h(6).
6
Let i(q) = -11*q + 58. Let y be i(5). Let a(p) = p**3 - y - 17*p + 8*p - 10*p**2 + 2*p**2 + 13*p + 4*p. Calculate a(7).
4
Let v(f) be the second derivative of 11*f**3/2 - 13*f**2/2 - 1124*f - 1. Determine v(1).
20
Suppose -3*n = -7 + 19. Let d(k) = -k**2 + 4*k. Let l(y) = y**2 - y - 1. Let u(g) = -d(g) - 2*l(g). Let c(p) be the first derivative of u(p). Determine c(n).
6
Suppose 0 = -4*v + 59 - 15. Let t(i) = -i**3 + 10*i**2 + 11*i + 3. What is t(v)?
3
Let r(u) = 56*u - 104. Let h(v) = -18*v + 33. Let y(q) = -16*h(q) - 5*r(q). Determine y(-1).
-16
Suppose -t + 5 = 73*l - 71*l, 3*t - 2*l - 15 = 0. Suppose -36 = t*k + 7*k. Let z(w) = 4*w + 9. What is z(k)?
-3
Let b(k) be the second derivative of -5*k**4/12 + 11*k**3/3 - 2*k**2 + 185*k + 2. Give b(2).
20
Let f(u) be the first derivative of -u**2/2 - 30*u + 38. Let c(j) = j + 2. Let m(t) = -2*c(t) + f(t). Let d be m(-9). Let k(x) = 2*x + 4. Calculate k(d).
-10
Let k(u) = u + 12. Let w = 22 + -22. Let v be k(w). Suppose 5*x + v = 47. Let t(l) = -l**3 + 7*l**2. What is t(x)?
0
Let b(v) = 54*v**3 + v**2 + v - 1. Suppose -9*o + 17 = 8. What is b(o)?
55
Let l(j) = 9*j**2 + 13*j - 15. Let h(i) = -11*i**2 - 18*i + 16. Let p(r) = -5*h(r) - 6*l(r). Determine p(-8).
-22
Let f(r) = -29*r**3 + 28*r**2 - 24*r - 70. Let h(s) = 7*s**3 - 7*s**2 + 6*s + 17. Let n(o) = -6*f(o) - 25*h(o). Let d be 46/10 - 4/(-10). What is n(d)?
15
Let n(h) be the third derivative of -h**5/60 + 5*h**4/8 - 4*h**3/3 + 2*h**2 - 689. Give n(12).
28
Let r(i) = i - 8. Let a be 18/48 - 6/16. Suppose 2*q - 5*b = -0*q - 17, a = 2*q - 2*b + 2. Calculate r(q).
-4
Suppose -10*g = -4*g. Suppose 13 = 4*t + 3*p - 16, g = -t + 5*p - 10. Suppose -t - 4 = 3*n. Let r(u) = 3*u + 4. Determine r(n).
-5
Suppose -4*c = 3*k - 16, 17 = -2*c + 3*k + 7. Let t(f) be the second derivative of -f**4/12 - f**3/6 + f**2/2 - 8*f + 1644. What is t(c)?
-1
Let c(u) = -22*u + 281*u**2 - 8 - 467*u**2 + 182*u**2. Calculate c(-6).
-20
Let t(z) = -z**2 + 4*z - 4. Let n be t(4). Suppose -4*a = -280 + 244. Let k = n + a. Let q(b) = b**2 - 3*b - 6. Determine q(k).
4
Let m be (4/(-2))/((-4)/(-10)). Let q(l) be the first derivative of -2*l + 18 + 1/2*l**2. What is q(m)?
-7
Let f = 13 - 10. Let m(z) = -2*z**2 + 3*z + 1 - f*z + 4*z. Let x = -912 - -915. Give m(x).
-5
Suppose 24*l + 16 = 23*l. Let v be (40/12 - 3)*18 + l. Let d(p) = -3*p - 24. What is d(v)?
6
Let f(y) = 23*y + 257. Let o be f(-11). Let s(h) = 26*h - 107. Let a be s(o). Let b(v) = 2*v + 4 + v**3 + 0 - 5 + 4*v**2. Calculate b(a).
2
Let o(i) = -5*i - 1. Let q = 89 + -62. Let h = -31 + q. Let k(d) = 2*d + 7. Let a be k(h). What is o(a)?
4
Suppose -3*h = -524 + 119. Suppose -7*n + h = -34*n. Let s(a) = -a**3 - 5*a**2 + a + 4. What is s(n)?
-1
Let f(p) = -8*p**2 - 3*p - 1. Let a be (4 - 7)/(2/(4 + -2)). Calculate f(a).
-64
Let n be 0*(2 - 3/2). Let q(o) be the first derivative of o**3/3 - o - 13517. What is q(n)?
-1
Let g be 2 + (-5)/(-1) + 3. Let x(c) be the first derivative of c**3/3 - 9*c**2/2 - 3*c + 537. Give x(g).
7
Suppose -49 = 4*s - 5*a, s + 0*a - 14 = -4*a. Let f(x) = x. What is f(s)?
-6
Suppose 2*c = -0*c + 308. Let m = -156 + c. Let v(s) = -5*s**2 - 2*s + 1. Calculate v(m).
-15
Suppose 2*y - 345 = 63. Suppose -y*b + 212*b = -32. Let o(r) = -2*r + 1. Determine o(b).
9
Suppose 0 = 126*b + 82*b - 624. Let v(i) = 20*i - 5. Determine v(b).
55
Let j(d) = 54*d - 5674. Let z be j(105). Let w(u) = u**3 + 3*u**2 - 6*u - 9. Determine w(z).
-1
Let a be -1*17/(-3) + 2/6. Let c = a - -1. Let q(m) = 2*m - 7. Calculate q(c).
7
Let c = -2075 + 2069. Let h(t) = 15*t + 95. Give h(c).
5
Let y(v) = -v**2 + 7*v + 1. Let o be (-3)/1 + 68 + -35. Let t be ((-12)/o)/((-2)/40). Calculate y(t).
-7
Suppose -125 + 1 = -62*m. Let n(z) = 4 - 3 + 7*z + 0. Give n(m).
15
Let r(p) = -62*p + 1. Let f(a) = 250*a - 25. Let q(n) = -f(n) - 4*r(n). Determine q(12).
-3
Let d be (18/(-4))/(3/(-6)). Let l(r) be the third derivative of r**6/120 - 2*r**5/15 - 11*r**4/24 + 2*r**3/3 + 13977*r**2. Determine l(d).
-14
Let s(n) = -34 - n**2 + 8*n + 16 + 23*n + 14 - 2*n. Give s(29).
-4
Let v(c) be the third derivative of c**6/120 + c**5/15 - 3*c**4/8 + 5*c**3/3 + 3*c**2. Let u(q) = 5817*q - 34908. Let t be u(6). Calculate v(t).
-8
Suppose 1 = -2*g - 3*y, g - 7 = 4*y - 3*y. Let m(a) = -28*a**3 - 9*a**2 + a + 8*a**3 + g*a**2 + 3*a**2. Calculate m(1).
-21
Let j = -384 + 388. Let q be ((-117)/(-26))/(3/j). Let h(f) be the third derivative of -f**5/60 + 7*f**4/24 - 4*f**3/3 + f**2. What is h(q)?
-2
Let g(w) = -2*w + 1929 + 2030 - 4026. Give g(-10).
-47
Let u(w) = -4*w + 1. Let p(d) = -2*d**2 + 13*d - 5. Let o be 24/60 + (-28)/(-5). Let t be p(o). What is u(t)?
-3
Suppose 0 = 130*c - 124*c + 42. Let q(d) be the second derivative of 7/2*d**2 + 0 + 4*d + 1/6*d**3. Give q(c).
0
Let s(p) be the third derivative of -11*p**5/60 - 3*p**3/2 + 154*p**2. Let v(z) = -2*z**2 + z - 1. Let w(j) = s(j) - 5*v(j). What is w(-4)?
0
Let w(l) = l + 1. Let o(h) = h + 2. Let b(z) = -2*o(z) + 3*w(z). Suppose 9*u - 54 = -9. Let n(c) = 6*c - 8. Let p(r) = u*b(r) - n(r). Calculate p(0).
3
Let t(w) = -9*w + 22. Suppose 16*m - 15*m = -3*j + 15, 3*j - 21 = -3*m. Give t(m).
-5
Let j(t) = -292*t + 1 + 88*t + 91*t + 93*t + t**2. Calculate j(15).
-74
Let w(g) = -g**2 - 26*g + 62. Let c(v) = 2*v**2 + 77*v - 172. Let a(r) = -3*c(r) - 8*w(r). Determine a(10).
-10
Let j(o) = -50*o + 1748. Let m be j(35). Let i(t) = t**3 + 3*t**2 + 4*t. Determine i(m).
-4
Suppose 0 = -3*z - 3 + 6. Suppose -3*a = -4*x - 12, a + x + 4 = z. Let i(v) = a*v + v + 30 + 2*v - 34. Determine i(-4).
-16
Let v(c) be the second derivative of -c - 1/12*c**4 + 104 + 5/6*c**3 + 11/2*c**2. Calculate v(5).
11
Let h(o) be the first derivative of o**4/4 + 10*o**3/3 + 4*o**2 - 2*o + 128. Let r = 13 - 22. What is h(r)?
7
Suppose 5*y - 5*r = 115, -2*r = 3*y - 145 + 51. Suppose 0 = -17*m - y - 23. Let i(n) = -n**3 - n**2 + n. Determine i(m).
15
Let y(i) be the second derivative of -1/3*i**3 + 0 - 1/2*i**2 + 30*i. Let p(v) = 2*v**3 - 2*v - 2. Let z be p(-1). What is y(z)?
3
Let a(c) be the first derivative of 7/60*c**5 + 0*c + 1/3*c**4 - 1/120*c**6 - 25 + 5*c**2 - 5/6*c**3. Let d(u) be the second derivative of a(u). Determine d(8).
-5
Let i(v) = -v - 2 - 190585*v**2 + 8*v + 190586*v**2 - 2. Let q be 4*(-2)/(-12)*-6. Determine i(q).
-16
Suppose -v = -4*h + 7, -4 = 29*h - 25*h. Let t(c) = -c**3 - 11*c**2 - c - 7. Give t(v).
4
Let l(y) = -2*y**3 - 9*y**2 + 3*y - 4. Let j(a) = 2*a**3 + 8*a**2 - 2*a + 3. Let g(b) = 2*j(b) + 3*l(b). Let h = 6160 - 6166. Determine g(h).
0
Suppose -v - 6 = -0*v - 3*t, 5*v - 42 = -3*t. Let i be -5 + 1 + 806/31. Let r(x) = -7*x - 6*x - 10*x - 1 + i*x. What is r(v)?
-7
Let o(q) = -5*q - 2*q**3 - 8*q**2 - 5*q + 12 + 3*q**3. Suppose 3*j + 5*i - 6 = -j, 0 = -3*i - 6. Suppose 24 = d + 3*x, -3*x + 8*x + 11 = j*d. Give o(d).
3
Let s(b) = -b**2 + 20*b - 24. Let w be s(17). Let i(p) = -46*p**2 + w*p**2 + 20*p**2 - 3. Let q(m) = m**2 + 4*m + 3. Let h be q(-4). Calculate i(h).
6
Let w be 15/5*-1 - -7. Let s(u) = -w - 24*u - 25*u - 19*u + 70*u. Calculate s(3).
2
Suppose -32*g = -5*g. Let a = -3 - -12. Let l(w) = -a*w + 9*w + w**2. What is l(g)?
0
Suppose 0 = j + 2*l - 32 - 5, -2*l = 2*j - 74. Suppose -j*z - 136 = 49. Let p(y) = y**3 + 6*y**2 - 6. Give p(z).
19
Let a(k) = 2*k**2 + 9*k. Suppose -3*p - 10 = -4*r, -2*r - 1 = p - 11. Let v be 20/r + (-6 - -1). Suppose 6*q - 2*q + 24 = v. Give a(q).
18
Suppose 0 = g - 1 - 2. Let c(n) = 9*n - 9*n - 14*n + 33*n - 11*n + 2 - 10*n. Give c(g).
-4
Let i(s) = 77*s**2 + 14*s - 50. Let u(g) = 128*g**2 + 28*g - 98. Let x(y) = -5*i(y) + 3*u(y). Determine x(7).
5
Let j(f) = 3*f - 80. Let x = -3253 + 3282. What is j(x)?
7
Let y(p) = 